ue
Is 7496483 prime?
True
Is 983937 a prime number?
False
Is 196660169 a prime number?
True
Is 10277437 a composite number?
False
Is 71234029 a composite number?
True
Is 2169677 composite?
False
Is 9908818 a prime number?
False
Is 5103361 composite?
True
Is 5988953 a composite number?
True
Is 5003281 a prime number?
False
Is 8067634 prime?
False
Is 6769501 a composite number?
True
Is 8608373 a prime number?
True
Is 16648871 prime?
False
Is 10888771 a prime number?
False
Is 216799 prime?
False
Is 5503279 prime?
False
Is 18878543 prime?
False
Is 43883695 a composite number?
True
Is 30278789 a composite number?
False
Is 16523173 a prime number?
True
Is 60038521 prime?
True
Is 19462231 a composite number?
True
Is 949877 a prime number?
False
Is 108000119 a prime number?
False
Is 21415649 prime?
False
Is 21822433 a composite number?
True
Is 257105879 a composite number?
False
Is 88011967 prime?
True
Is 219417203 prime?
True
Is 23382437 a prime number?
False
Is 455243759 composite?
False
Is 20609 composite?
True
Is 15136757 prime?
True
Is 23364667 a composite number?
False
Is 36070822 a composite number?
True
Is 52363007 prime?
True
Is 152530199 a composite number?
True
Is 387293 a prime number?
False
Is 16695565 prime?
False
Is 2736131 prime?
True
Is 4783189 composite?
True
Is 111912817 a prime number?
False
Is 23573221 a prime number?
False
Is 1271243 a composite number?
True
Is 41546873 prime?
True
Is 194804497 composite?
False
Is 16554973 prime?
False
Is 420533 composite?
True
Is 58032229 a composite number?
False
Is 2788553 a prime number?
False
Is 735390557 a prime number?
False
Is 2332871 composite?
False
Is 144354214 prime?
False
Is 3765137 prime?
False
Is 108034859 composite?
True
Is 25291919 a prime number?
True
Is 11871163 composite?
True
Is 2757019 a prime number?
True
Is 2136403 prime?
False
Is 4888957 prime?
True
Is 23806378 prime?
False
Is 6037445 composite?
True
Is 1072517 composite?
False
Is 5328833 a prime number?
True
Is 544429489 a composite number?
False
Is 42556265 composite?
True
Is 17648681 prime?
True
Is 3010814 a composite number?
True
Is 12392797 prime?
False
Is 251051473 a prime number?
True
Is 12159181 a composite number?
False
Is 5081519 prime?
True
Is 3967793 composite?
False
Is 9621281 prime?
False
Is 3275626 prime?
False
Is 72761687 composite?
True
Is 75471181 prime?
False
Is 592723 a composite number?
False
Is 134561387 a composite number?
True
Is 52458299 a prime number?
True
Is 9582863 a composite number?
True
Is 291464291 a composite number?
True
Is 32214071 a prime number?
True
Is 5682793 a prime number?
False
Is 11674889 a composite number?
False
Is 34735999 prime?
True
Is 18463829 a prime number?
True
Is 670613 a prime number?
True
Is 2113687 prime?
False
Is 8567851 a prime number?
True
Is 172489 prime?
True
Is 19779709 a composite number?
False
Is 37593041 prime?
True
Is 8448695 composite?
True
Is 16320109 a composite number?
True
Is 19919 composite?
False
Is 273067887 a prime number?
False
Is 23284559 a composite number?
True
Is 57120871 prime?
False
Is 83381729 a composite number?
False
Is 3686531 a prime number?
True
Is 5000197 a prime number?
True
Is 346121 a composite number?
True
Is 16697543 a composite number?
False
Is 9301573 prime?
False
Is 4460639 a prime number?
False
Is 93510691 composite?
False
Is 539293 prime?
True
Is 1603471 composite?
False
Is 8989459 prime?
True
Is 37039 a prime number?
True
Is 200159873 composite?
False
Is 88916389 composite?
True
Is 29827201 composite?
False
Is 2944489 a prime number?
False
Is 14984689 a composite number?
True
Is 47084357 composite?
False
Is 19389619 prime?
True
Is 931487 a prime number?
True
Is 27923111 composite?
True
Is 48971051 a composite number?
True
Is 840965 composite?
True
Is 185187539 composite?
False
Is 1410713 a prime number?
False
Is 1624093 prime?
False
Is 2170405 composite?
True
Is 49502729 a composite number?
False
Is 151081897 prime?
True
Is 667460179 a composite number?
False
Is 82891843 prime?
True
Is 24817073 prime?
False
Is 52642507 composite?
False
Is 434622167 a prime number?
False
Is 453757 prime?
True
Is 274567103 a composite number?
False
Is 93179587 a composite number?
False
Is 84113423 a composite number?
False
Is 382075559 prime?
False
Is 50307659 prime?
True
Is 519536917 prime?
True
Is 21166099 prime?
True
Is 538457 composite?
False
Is 7563557 prime?
False
Is 89470127 composite?
False
Is 111773843 a composite number?
True
Is 39070693 a prime number?
True
Is 8626061 composite?
False
Is 112149043 a prime number?
True
Is 8477669 composite?
True
Is 3935215 a composite number?
True
Is 307387 a prime number?
False
Is 5122631 composite?
False
Is 6864397 composite?
True
Is 3310187 composite?
False
Is 15038779 prime?
False
Is 4563797 a composite number?
True
Is 52358687 a prime number?
True
Is 7662901 prime?
False
Is 77221099 composite?
True
Is 58186061 prime?
True
Is 919133359 a prime number?
True
Is 71487961 prime?
True
Is 21929113 prime?
False
Is 2383339 prime?
False
Is 584347 a prime number?
True
Is 573697 prime?
False
Is 590431 prime?
True
Is 1840921 a prime number?
True
Is 91080703 composite?
True
Is 669653 composite?
True
Is 4202279 a composite number?
False
Is 3525565 a prime number?
False
Is 44042683 composite?
False
Is 22982639 a composite number?
False
Is 432889361 prime?
True
Is 271069297 composite?
False
Is 27199487 composite?
True
Is 18152971 a composite number?
False
Is 33733517 prime?
True
Is 1304827 a composite number?
True
Is 13645313 composite?
True
Is 103088299 a prime number?
False
Is 144464343 a prime number?
False
Is 53137027 a prime number?
True
Is 12100691 composite?
True
Is 2639851 composite?
True
Is 682410067 a prime number?
True
Is 371142461 composite?
True
Is 30362413 composite?
True
Is 82360441 prime?
False
Is 217849 a prime number?
True
Is 1282399 composite?
False
Is 17696453 a composite number?
True
Is 30464333 prime?
True
Is 162278653 prime?
True
Is 674909 a composite number?
True
Is 17840941 composite?
False
Is 38251945 composite?
True
Is 342037 prime?
True
Is 8522663 a composite number?
False
Is 62847529 a prime number?
True
Is 399370067 a composite number?
False
Is 295463 composite?
True
Is 5256281 prime?
False
Is 72989927 composite?
True
Is 60240799 a prime number?
False
Is 46066799 prime?
True
Is 8628077 a composite number?
False
Is 196633721 prime?
True
Is 276395003 prime?
False
Is 17979961 a composite number?
True
Is 3833513 a composite number?
False
Is 207619 a prime number?
True
Is 19262567 composite?
True
Is 2172031 prime?
True
Is 4208107 a prime number?
True
Is 2696077 a composite number?
True
Is 66948935 a composite number?
True
Is 107157383 a prime number?
False
Is 52725921 a composite number?
True
Is 14009197 composite?
True
Is 480454369 prime?
True
Is 482799761 a prime number?
False
Is 14854547 a composite number?
False
Is 416767157 a composite number?
True
Is 4454267 composite?
True
Is 169547263 composite?
False
Is 104978701 a prime number?
True
Is 910484097 a composite number?
True
Is 12234217 prime?
True
Is 50772211 prime?
False
Is 4579859 a composite number?
False
Is 13055701 a prime number?
True
Is 1218853 a composite number?
False
Is 332903 a composite number?
False
Is 6636587 prime?
False
Is 123306719 composite?
False
Is 41162183 composite?
False
Is 278354 a prime number?
False
Is 3149249 a prime number?
True
Is 162582703 prime?
True
Is 120003701 a composite number?
False
Is 9363769 a prime number?
True
Is 6903541 a prime number?
False
Is 29775719 prime?
True
Is 34423567 a prime number?
True
Is 12909343 a composite number?
False
Is 6134327 composite?
False
Is 4494769 prime?
True
Is 11407819 prime?
True
Is 14670169 a prime number?
False
Is 6793519 a prime number?
False
Is 27591547 a composite number?
True
Is 141566 a prime number?
False
Is 48761861 prime?
False
Is 198861419 a composite number?
True
Is 16502267 composite?
False
Is 42805571 prime?
False
Is 5905183 a prime number?
False
Is 196937 composite?
True
Is 82072033 a prime number?
False
Is 2970921 composite?
True
Is 54501449 prime?
True
Is 199179841 a composite number?
True
Is 119924137 composite?
True
Is 10730873 a composite number?
False
Is 87937 a prime number?
False
Is 14190542 a composite number?
True
Is 3572369 prime